{"id":103,"date":"2024-05-17T11:20:12","date_gmt":"2024-05-17T09:20:12","guid":{"rendered":"https:\/\/milleetunpoils.fr\/?page_id=103"},"modified":"2026-04-03T21:19:36","modified_gmt":"2026-04-03T19:19:36","slug":"contact-pour-la-garde-de-vos-animaux-sur-lannion","status":"publish","type":"page","link":"https:\/\/milleetunpoils.fr\/index.php\/contact-pour-la-garde-de-vos-animaux-sur-lannion\/","title":{"rendered":"Contact"},"content":{"rendered":"\t\t<div data-elementor-type=\"wp-page\" data-elementor-id=\"103\" class=\"elementor elementor-103\">\n\t\t\t\t<div class=\"elementor-element elementor-element-0f91813 e-grid e-con-boxed e-con e-parent\" data-id=\"0f91813\" data-element_type=\"container\" data-e-type=\"container\">\n\t\t\t\t\t<div class=\"e-con-inner\">\n\t\t\t\t<div class=\"elementor-element elementor-element-e56b461 elementor-widget elementor-widget-heading\" data-id=\"e56b461\" data-element_type=\"widget\" data-e-type=\"widget\" data-widget_type=\"heading.default\">\n\t\t\t\t<div class=\"elementor-widget-container\">\n\t\t\t\t\t<h1 class=\"elementor-heading-title elementor-size-default\">Contact pour la garde de vos animaux sur Lannion et ses alentours<\/h1>\t\t\t\t<\/div>\n\t\t\t\t<\/div>\n\t\t\t\t\t<\/div>\n\t\t\t\t<\/div>\n\t\t<div class=\"elementor-element elementor-element-4b0b0ae e-grid e-con-boxed e-con e-parent\" data-id=\"4b0b0ae\" data-element_type=\"container\" data-e-type=\"container\">\n\t\t\t\t\t<div class=\"e-con-inner\">\n\t\t\t\t<div class=\"elementor-element elementor-element-42b74d3 elementor-widget elementor-widget-text-editor\" data-id=\"42b74d3\" data-element_type=\"widget\" data-e-type=\"widget\" data-widget_type=\"text-editor.default\">\n\t\t\t\t<div class=\"elementor-widget-container\">\n\t\t\t\t\t\t\t\t\t<h2>Organiser la garde de votre animal :<\/h2>\n<p>Contactez moi pour la garde de vos animaux sur Lannion en ayant d\u00e9finit les dates de la garde puis la dur\u00e9e et le nombre de passages que vous souhaitez.<\/p>\n<p>Nous convenons ensemble des modalit\u00e9s de la garde, je prend en note vos coordonn\u00e9es et les informations concernant votre animal.\u00a0<\/p>\n<p>Je vous transmets le devis pour la garde puis nous convenons d&rsquo;un RDV pour une pr\u00e9-visite (offerte).<\/p>\t\t\t\t\t\t\t\t<\/div>\n\t\t\t\t<\/div>\n\t\t\t\t<div class=\"elementor-element elementor-element-41fd1747 elementor-widget elementor-widget-text-editor\" data-id=\"41fd1747\" data-element_type=\"widget\" data-e-type=\"widget\" data-widget_type=\"text-editor.default\">\n\t\t\t\t<div class=\"elementor-widget-container\">\n\t\t\t\t\t\t\t\t\t\n<h3 class=\"wp-block-heading has-text-align-center\">N&rsquo;h\u00e9sitez pas \u00e0 me contacter pour toute demande de renseignements :<\/h3>\n\n<p>\u00a0<\/p>\n<p class=\"has-text-align-center\">06.40.33.35.61<\/p>\n\n<p class=\"has-text-align-center\">julia.jeanditberthelot@laposte.net<\/p>\n\n<p class=\"has-text-align-center\">@mille.et.un.poils.2024<\/p>\n\t\t\t\t\t\t\t\t<\/div>\n\t\t\t\t<\/div>\n\t\t\t\t\t<\/div>\n\t\t\t\t<\/div>\n\t\t<div class=\"elementor-element elementor-element-89803dd e-flex e-con-boxed e-con e-parent\" data-id=\"89803dd\" data-element_type=\"container\" data-e-type=\"container\">\n\t\t\t\t\t<div class=\"e-con-inner\">\n\t\t\t\t<div class=\"elementor-element elementor-element-33bbb5a elementor-widget elementor-widget-image\" data-id=\"33bbb5a\" data-element_type=\"widget\" data-e-type=\"widget\" data-widget_type=\"image.default\">\n\t\t\t\t<div class=\"elementor-widget-container\">\n\t\t\t\t\t\t\t\t\t\t\t\t\t\t\t<img fetchpriority=\"high\" decoding=\"async\" width=\"973\" height=\"213\" src=\"https:\/\/milleetunpoils.fr\/wp-content\/uploads\/2026\/02\/IMG_20250826_211110_476-e1775241103315.webp\" class=\"attachment-large size-large wp-image-237\" alt=\"moment zen contactez moi\" srcset=\"https:\/\/milleetunpoils.fr\/wp-content\/uploads\/2026\/02\/IMG_20250826_211110_476-e1775241103315.webp 973w, https:\/\/milleetunpoils.fr\/wp-content\/uploads\/2026\/02\/IMG_20250826_211110_476-e1775241103315-300x66.webp 300w, https:\/\/milleetunpoils.fr\/wp-content\/uploads\/2026\/02\/IMG_20250826_211110_476-e1775241103315-768x168.webp 768w\" sizes=\"(max-width: 973px) 100vw, 973px\" \/>\t\t\t\t\t\t\t\t\t\t\t\t\t\t\t<\/div>\n\t\t\t\t<\/div>\n\t\t\t\t\t<\/div>\n\t\t\t\t<\/div>\n\t\t<div class=\"elementor-element elementor-element-6094110 e-flex e-con-boxed e-con e-parent\" data-id=\"6094110\" data-element_type=\"container\" data-e-type=\"container\">\n\t\t\t\t\t<div class=\"e-con-inner\">\n\t\t<div class=\"elementor-element elementor-element-9a117b0 e-con-full e-grid e-con e-child\" data-id=\"9a117b0\" data-element_type=\"container\" data-e-type=\"container\">\n\t\t\t\t<div class=\"elementor-element elementor-element-a3e098a elementor-widget elementor-widget-text-editor\" data-id=\"a3e098a\" data-element_type=\"widget\" data-e-type=\"widget\" data-widget_type=\"text-editor.default\">\n\t\t\t\t<div class=\"elementor-widget-container\">\n\t\t\t\t\t\t\t\t\t<p>Vous pouvez prendre connaissance de mes tarifs juste ici :\u00a0<\/p>\t\t\t\t\t\t\t\t<\/div>\n\t\t\t\t<\/div>\n\t\t\t\t<div class=\"elementor-element elementor-element-20c28db elementor-widget elementor-widget-text-editor\" data-id=\"20c28db\" data-element_type=\"widget\" data-e-type=\"widget\" data-widget_type=\"text-editor.default\">\n\t\t\t\t<div class=\"elementor-widget-container\">\n\t\t\t\t\t\t\t\t\t<p>Qui suis-je?<\/p>\n<p>\u00a0<\/p>\t\t\t\t\t\t\t\t<\/div>\n\t\t\t\t<\/div>\n\t\t\t\t<div class=\"elementor-element elementor-element-0ed7db1 elementor-align-center elementor-widget elementor-widget-button\" data-id=\"0ed7db1\" data-element_type=\"widget\" data-e-type=\"widget\" data-widget_type=\"button.default\">\n\t\t\t\t<div class=\"elementor-widget-container\">\n\t\t\t\t\t\t\t\t\t<div class=\"elementor-button-wrapper\">\n\t\t\t\t\t<a class=\"elementor-button elementor-button-link elementor-size-sm\" href=\"https:\/\/milleetunpoils.fr\/index.php\/tarifs\/\" id=\"tarifs\">\n\t\t\t\t\t\t<span class=\"elementor-button-content-wrapper\">\n\t\t\t\t\t\t\t\t\t<span class=\"elementor-button-text\">Tarifs<\/span>\n\t\t\t\t\t<\/span>\n\t\t\t\t\t<\/a>\n\t\t\t\t<\/div>\n\t\t\t\t\t\t\t\t<\/div>\n\t\t\t\t<\/div>\n\t\t\t\t<div class=\"elementor-element elementor-element-6c3d2b2 elementor-align-center elementor-widget elementor-widget-button\" data-id=\"6c3d2b2\" data-element_type=\"widget\" data-e-type=\"widget\" data-widget_type=\"button.default\">\n\t\t\t\t<div class=\"elementor-widget-container\">\n\t\t\t\t\t\t\t\t\t<div class=\"elementor-button-wrapper\">\n\t\t\t\t\t<a class=\"elementor-button elementor-button-link elementor-size-sm\" href=\"https:\/\/milleetunpoils.fr\/index.php\/qui-garde-votre-animal-qui-suis-je-presentation\/\" id=\"Pr\u00e9sentation\">\n\t\t\t\t\t\t<span class=\"elementor-button-content-wrapper\">\n\t\t\t\t\t\t\t\t\t<span class=\"elementor-button-text\">Pr\u00e9sentation<\/span>\n\t\t\t\t\t<\/span>\n\t\t\t\t\t<\/a>\n\t\t\t\t<\/div>\n\t\t\t\t\t\t\t\t<\/div>\n\t\t\t\t<\/div>\n\t\t\t\t<\/div>\n\t\t\t\t\t<\/div>\n\t\t\t\t<\/div>\n\t\t\t\t<\/div>\n\t\t","protected":false},"excerpt":{"rendered":"<p>Contact pour la garde de vos animaux sur Lannion et ses alentours Organiser la garde de votre animal : Contactez moi pour la garde de vos animaux sur Lannion en ayant d\u00e9finit les dates de la garde puis la dur\u00e9e et le nombre de passages que vous souhaitez. Nous convenons ensemble des modalit\u00e9s de la [&hellip;]<\/p>\n","protected":false},"author":1,"featured_media":0,"parent":0,"menu_order":4,"comment_status":"closed","ping_status":"closed","template":"","meta":{"footnotes":""},"class_list":["post-103","page","type-page","status-publish","hentry"],"blocksy_meta":[],"yoast_head":"<!-- This site is optimized with the Yoast SEO plugin v27.3 - https:\/\/yoast.com\/product\/yoast-seo-wordpress\/ -->\n<title>Contact pour la garde de vos animaux sur Lannion<\/title>\n<meta name=\"description\" content=\"N&#039;h\u00e9sitez pas \u00e0 me contactez pour la garde de vos animaux sur Lannion et ses alentours, pour vos chiens, chats, et NAC.\" \/>\n<meta name=\"robots\" content=\"index, follow, max-snippet:-1, max-image-preview:large, max-video-preview:-1\" \/>\n<link rel=\"canonical\" href=\"https:\/\/milleetunpoils.fr\/index.php\/contact-pour-la-garde-de-vos-animaux-sur-lannion\/\" \/>\n<meta property=\"og:locale\" content=\"fr_FR\" \/>\n<meta property=\"og:type\" content=\"article\" \/>\n<meta property=\"og:title\" content=\"Contact pour la garde de vos animaux sur Lannion\" \/>\n<meta property=\"og:description\" content=\"N&#039;h\u00e9sitez pas \u00e0 me contactez pour la garde de vos animaux sur Lannion et ses alentours, pour vos chiens, chats, et NAC.\" \/>\n<meta property=\"og:url\" content=\"https:\/\/milleetunpoils.fr\/index.php\/contact-pour-la-garde-de-vos-animaux-sur-lannion\/\" \/>\n<meta property=\"og:site_name\" content=\"Mille et un poils\" \/>\n<meta property=\"article:modified_time\" content=\"2026-04-03T19:19:36+00:00\" \/>\n<meta property=\"og:image\" content=\"https:\/\/milleetunpoils.fr\/wp-content\/uploads\/2026\/02\/IMG_20250826_211110_476-e1775241103315.webp\" \/>\n<meta name=\"twitter:card\" content=\"summary_large_image\" \/>\n<meta name=\"twitter:label1\" content=\"Dur\u00e9e de lecture estim\u00e9e\" \/>\n\t<meta name=\"twitter:data1\" content=\"1 minute\" \/>\n<script type=\"application\/ld+json\" class=\"yoast-schema-graph\">{\"@context\":\"https:\\\/\\\/schema.org\",\"@graph\":[{\"@type\":\"WebPage\",\"@id\":\"https:\\\/\\\/milleetunpoils.fr\\\/index.php\\\/contact-pour-la-garde-de-vos-animaux-sur-lannion\\\/\",\"url\":\"https:\\\/\\\/milleetunpoils.fr\\\/index.php\\\/contact-pour-la-garde-de-vos-animaux-sur-lannion\\\/\",\"name\":\"Contact pour la garde de vos animaux sur Lannion\",\"isPartOf\":{\"@id\":\"https:\\\/\\\/milleetunpoils.fr\\\/#website\"},\"primaryImageOfPage\":{\"@id\":\"https:\\\/\\\/milleetunpoils.fr\\\/index.php\\\/contact-pour-la-garde-de-vos-animaux-sur-lannion\\\/#primaryimage\"},\"image\":{\"@id\":\"https:\\\/\\\/milleetunpoils.fr\\\/index.php\\\/contact-pour-la-garde-de-vos-animaux-sur-lannion\\\/#primaryimage\"},\"thumbnailUrl\":\"https:\\\/\\\/milleetunpoils.fr\\\/wp-content\\\/uploads\\\/2026\\\/02\\\/IMG_20250826_211110_476-e1775241103315.webp\",\"datePublished\":\"2024-05-17T09:20:12+00:00\",\"dateModified\":\"2026-04-03T19:19:36+00:00\",\"description\":\"N'h\u00e9sitez pas \u00e0 me contactez pour la garde de vos animaux sur Lannion et ses alentours, pour vos chiens, chats, et NAC.\",\"breadcrumb\":{\"@id\":\"https:\\\/\\\/milleetunpoils.fr\\\/index.php\\\/contact-pour-la-garde-de-vos-animaux-sur-lannion\\\/#breadcrumb\"},\"inLanguage\":\"fr-FR\",\"potentialAction\":[{\"@type\":\"ReadAction\",\"target\":[\"https:\\\/\\\/milleetunpoils.fr\\\/index.php\\\/contact-pour-la-garde-de-vos-animaux-sur-lannion\\\/\"]}]},{\"@type\":\"ImageObject\",\"inLanguage\":\"fr-FR\",\"@id\":\"https:\\\/\\\/milleetunpoils.fr\\\/index.php\\\/contact-pour-la-garde-de-vos-animaux-sur-lannion\\\/#primaryimage\",\"url\":\"https:\\\/\\\/milleetunpoils.fr\\\/wp-content\\\/uploads\\\/2026\\\/02\\\/IMG_20250826_211110_476-e1775241103315.webp\",\"contentUrl\":\"https:\\\/\\\/milleetunpoils.fr\\\/wp-content\\\/uploads\\\/2026\\\/02\\\/IMG_20250826_211110_476-e1775241103315.webp\",\"width\":973,\"height\":213,\"caption\":\"moment zen contactez moi\"},{\"@type\":\"BreadcrumbList\",\"@id\":\"https:\\\/\\\/milleetunpoils.fr\\\/index.php\\\/contact-pour-la-garde-de-vos-animaux-sur-lannion\\\/#breadcrumb\",\"itemListElement\":[{\"@type\":\"ListItem\",\"position\":1,\"name\":\"Accueil\",\"item\":\"https:\\\/\\\/milleetunpoils.fr\\\/\"},{\"@type\":\"ListItem\",\"position\":2,\"name\":\"Contact\"}]},{\"@type\":\"WebSite\",\"@id\":\"https:\\\/\\\/milleetunpoils.fr\\\/#website\",\"url\":\"https:\\\/\\\/milleetunpoils.fr\\\/\",\"name\":\"Mille et un poils\",\"description\":\"Garde d&#039;animaux \u00e0 Lannion\",\"publisher\":{\"@id\":\"https:\\\/\\\/milleetunpoils.fr\\\/#organization\"},\"potentialAction\":[{\"@type\":\"SearchAction\",\"target\":{\"@type\":\"EntryPoint\",\"urlTemplate\":\"https:\\\/\\\/milleetunpoils.fr\\\/?s={search_term_string}\"},\"query-input\":{\"@type\":\"PropertyValueSpecification\",\"valueRequired\":true,\"valueName\":\"search_term_string\"}}],\"inLanguage\":\"fr-FR\"},{\"@type\":\"Organization\",\"@id\":\"https:\\\/\\\/milleetunpoils.fr\\\/#organization\",\"name\":\"Mille et un poils\",\"url\":\"https:\\\/\\\/milleetunpoils.fr\\\/\",\"logo\":{\"@type\":\"ImageObject\",\"inLanguage\":\"fr-FR\",\"@id\":\"https:\\\/\\\/milleetunpoils.fr\\\/#\\\/schema\\\/logo\\\/image\\\/\",\"url\":\"https:\\\/\\\/milleetunpoils.fr\\\/wp-content\\\/uploads\\\/2024\\\/04\\\/milleetunpoils-1-1.png\",\"contentUrl\":\"https:\\\/\\\/milleetunpoils.fr\\\/wp-content\\\/uploads\\\/2024\\\/04\\\/milleetunpoils-1-1.png\",\"width\":500,\"height\":247,\"caption\":\"Mille et un poils\"},\"image\":{\"@id\":\"https:\\\/\\\/milleetunpoils.fr\\\/#\\\/schema\\\/logo\\\/image\\\/\"}}]}<\/script>\n<!-- \/ Yoast SEO plugin. -->","yoast_head_json":{"title":"Contact pour la garde de vos animaux sur Lannion","description":"N'h\u00e9sitez pas \u00e0 me contactez pour la garde de vos animaux sur Lannion et ses alentours, pour vos chiens, chats, et NAC.","robots":{"index":"index","follow":"follow","max-snippet":"max-snippet:-1","max-image-preview":"max-image-preview:large","max-video-preview":"max-video-preview:-1"},"canonical":"https:\/\/milleetunpoils.fr\/index.php\/contact-pour-la-garde-de-vos-animaux-sur-lannion\/","og_locale":"fr_FR","og_type":"article","og_title":"Contact pour la garde de vos animaux sur Lannion","og_description":"N'h\u00e9sitez pas \u00e0 me contactez pour la garde de vos animaux sur Lannion et ses alentours, pour vos chiens, chats, et NAC.","og_url":"https:\/\/milleetunpoils.fr\/index.php\/contact-pour-la-garde-de-vos-animaux-sur-lannion\/","og_site_name":"Mille et un poils","article_modified_time":"2026-04-03T19:19:36+00:00","og_image":[{"url":"https:\/\/milleetunpoils.fr\/wp-content\/uploads\/2026\/02\/IMG_20250826_211110_476-e1775241103315.webp","type":"","width":"","height":""}],"twitter_card":"summary_large_image","twitter_misc":{"Dur\u00e9e de lecture estim\u00e9e":"1 minute"},"schema":{"@context":"https:\/\/schema.org","@graph":[{"@type":"WebPage","@id":"https:\/\/milleetunpoils.fr\/index.php\/contact-pour-la-garde-de-vos-animaux-sur-lannion\/","url":"https:\/\/milleetunpoils.fr\/index.php\/contact-pour-la-garde-de-vos-animaux-sur-lannion\/","name":"Contact pour la garde de vos animaux sur Lannion","isPartOf":{"@id":"https:\/\/milleetunpoils.fr\/#website"},"primaryImageOfPage":{"@id":"https:\/\/milleetunpoils.fr\/index.php\/contact-pour-la-garde-de-vos-animaux-sur-lannion\/#primaryimage"},"image":{"@id":"https:\/\/milleetunpoils.fr\/index.php\/contact-pour-la-garde-de-vos-animaux-sur-lannion\/#primaryimage"},"thumbnailUrl":"https:\/\/milleetunpoils.fr\/wp-content\/uploads\/2026\/02\/IMG_20250826_211110_476-e1775241103315.webp","datePublished":"2024-05-17T09:20:12+00:00","dateModified":"2026-04-03T19:19:36+00:00","description":"N'h\u00e9sitez pas \u00e0 me contactez pour la garde de vos animaux sur Lannion et ses alentours, pour vos chiens, chats, et NAC.","breadcrumb":{"@id":"https:\/\/milleetunpoils.fr\/index.php\/contact-pour-la-garde-de-vos-animaux-sur-lannion\/#breadcrumb"},"inLanguage":"fr-FR","potentialAction":[{"@type":"ReadAction","target":["https:\/\/milleetunpoils.fr\/index.php\/contact-pour-la-garde-de-vos-animaux-sur-lannion\/"]}]},{"@type":"ImageObject","inLanguage":"fr-FR","@id":"https:\/\/milleetunpoils.fr\/index.php\/contact-pour-la-garde-de-vos-animaux-sur-lannion\/#primaryimage","url":"https:\/\/milleetunpoils.fr\/wp-content\/uploads\/2026\/02\/IMG_20250826_211110_476-e1775241103315.webp","contentUrl":"https:\/\/milleetunpoils.fr\/wp-content\/uploads\/2026\/02\/IMG_20250826_211110_476-e1775241103315.webp","width":973,"height":213,"caption":"moment zen contactez moi"},{"@type":"BreadcrumbList","@id":"https:\/\/milleetunpoils.fr\/index.php\/contact-pour-la-garde-de-vos-animaux-sur-lannion\/#breadcrumb","itemListElement":[{"@type":"ListItem","position":1,"name":"Accueil","item":"https:\/\/milleetunpoils.fr\/"},{"@type":"ListItem","position":2,"name":"Contact"}]},{"@type":"WebSite","@id":"https:\/\/milleetunpoils.fr\/#website","url":"https:\/\/milleetunpoils.fr\/","name":"Mille et un poils","description":"Garde d&#039;animaux \u00e0 Lannion","publisher":{"@id":"https:\/\/milleetunpoils.fr\/#organization"},"potentialAction":[{"@type":"SearchAction","target":{"@type":"EntryPoint","urlTemplate":"https:\/\/milleetunpoils.fr\/?s={search_term_string}"},"query-input":{"@type":"PropertyValueSpecification","valueRequired":true,"valueName":"search_term_string"}}],"inLanguage":"fr-FR"},{"@type":"Organization","@id":"https:\/\/milleetunpoils.fr\/#organization","name":"Mille et un poils","url":"https:\/\/milleetunpoils.fr\/","logo":{"@type":"ImageObject","inLanguage":"fr-FR","@id":"https:\/\/milleetunpoils.fr\/#\/schema\/logo\/image\/","url":"https:\/\/milleetunpoils.fr\/wp-content\/uploads\/2024\/04\/milleetunpoils-1-1.png","contentUrl":"https:\/\/milleetunpoils.fr\/wp-content\/uploads\/2024\/04\/milleetunpoils-1-1.png","width":500,"height":247,"caption":"Mille et un poils"},"image":{"@id":"https:\/\/milleetunpoils.fr\/#\/schema\/logo\/image\/"}}]}},"_links":{"self":[{"href":"https:\/\/milleetunpoils.fr\/index.php\/wp-json\/wp\/v2\/pages\/103","targetHints":{"allow":["GET"]}}],"collection":[{"href":"https:\/\/milleetunpoils.fr\/index.php\/wp-json\/wp\/v2\/pages"}],"about":[{"href":"https:\/\/milleetunpoils.fr\/index.php\/wp-json\/wp\/v2\/types\/page"}],"author":[{"embeddable":true,"href":"https:\/\/milleetunpoils.fr\/index.php\/wp-json\/wp\/v2\/users\/1"}],"replies":[{"embeddable":true,"href":"https:\/\/milleetunpoils.fr\/index.php\/wp-json\/wp\/v2\/comments?post=103"}],"version-history":[{"count":33,"href":"https:\/\/milleetunpoils.fr\/index.php\/wp-json\/wp\/v2\/pages\/103\/revisions"}],"predecessor-version":[{"id":497,"href":"https:\/\/milleetunpoils.fr\/index.php\/wp-json\/wp\/v2\/pages\/103\/revisions\/497"}],"wp:attachment":[{"href":"https:\/\/milleetunpoils.fr\/index.php\/wp-json\/wp\/v2\/media?parent=103"}],"curies":[{"name":"wp","href":"https:\/\/api.w.org\/{rel}","templated":true}]}}