{"id":2,"date":"2024-02-12T20:42:18","date_gmt":"2024-02-12T19:42:18","guid":{"rendered":"http:\/\/milleetunpoils.fr\/?page_id=2"},"modified":"2026-04-03T20:44:35","modified_gmt":"2026-04-03T18:44:35","slug":"qui-garde-votre-animal-qui-suis-je-presentation","status":"publish","type":"page","link":"https:\/\/milleetunpoils.fr\/index.php\/qui-garde-votre-animal-qui-suis-je-presentation\/","title":{"rendered":"Qui garde votre animal?"},"content":{"rendered":"\t\t<div data-elementor-type=\"wp-page\" data-elementor-id=\"2\" class=\"elementor elementor-2\">\n\t\t\t\t<div class=\"elementor-element elementor-element-1ec959b e-grid e-con-boxed e-con e-parent\" data-id=\"1ec959b\" data-element_type=\"container\" data-e-type=\"container\">\n\t\t\t\t\t<div class=\"e-con-inner\">\n\t\t\t\t<div class=\"elementor-element elementor-element-3694fcc elementor-widget elementor-widget-heading\" data-id=\"3694fcc\" data-element_type=\"widget\" data-e-type=\"widget\" data-widget_type=\"heading.default\">\n\t\t\t\t<div class=\"elementor-widget-container\">\n\t\t\t\t\t<h1 class=\"elementor-heading-title elementor-size-default\">Qui garde votre animal?<\/h1>\t\t\t\t<\/div>\n\t\t\t\t<\/div>\n\t\t\t\t<div class=\"elementor-element elementor-element-5f8dd68 elementor-widget elementor-widget-heading\" data-id=\"5f8dd68\" data-element_type=\"widget\" data-e-type=\"widget\" data-widget_type=\"heading.default\">\n\t\t\t\t<div class=\"elementor-widget-container\">\n\t\t\t\t\t<h2 class=\"elementor-heading-title elementor-size-default\">Qui suis-je?<\/h2>\t\t\t\t<\/div>\n\t\t\t\t<\/div>\n\t\t\t\t\t<\/div>\n\t\t\t\t<\/div>\n\t\t<div class=\"elementor-element elementor-element-999d8b0 e-grid e-con-boxed e-con e-parent\" data-id=\"999d8b0\" data-element_type=\"container\" data-e-type=\"container\">\n\t\t\t\t\t<div class=\"e-con-inner\">\n\t\t\t\t<div class=\"elementor-element elementor-element-8399e7b elementor-widget elementor-widget-text-editor\" data-id=\"8399e7b\" data-element_type=\"widget\" data-e-type=\"widget\" data-widget_type=\"text-editor.default\">\n\t\t\t\t<div class=\"elementor-widget-container\">\n\t\t\t\t\t\t\t\t\t<p>Qui garde votre animal ?<\/p>\n<p>Je m\u2019appelle Julia Jean dit Berthelot, et comme vous pouvez vous en douter, je suis une grande amoureuse des animaux depuis mon plus jeune \u00e2ge.<\/p>\n<p>Il est rassurant de savoir \u00e0 qui on a faire quand on confie son compagnon \u00e0 4 pattes, une personne de confiance et de passionn\u00e9e<\/p>\n<p><!-- \/wp:paragraph --><!-- wp:paragraph --><\/p>\n<p>Qui suis-je?<\/p>\n<p>Mes premiers petits boulots \u00e9taient d\u00e9j\u00e0 des gardes d\u2019animaux, puis j\u2019ai voulu en faire mon m\u00e9tier, je suis donc devenue<span style=\"text-decoration: underline;\"><strong> assistante v\u00e9t\u00e9rinaire<\/strong><\/span>, j\u2019ai maintenant plus de 5 ans d\u2019exp\u00e9rience dans ce domaine!<\/p>\t\t\t\t\t\t\t\t<\/div>\n\t\t\t\t<\/div>\n\t\t\t\t<div class=\"elementor-element elementor-element-598b127 elementor-widget elementor-widget-image\" data-id=\"598b127\" data-element_type=\"widget\" data-e-type=\"widget\" data-widget_type=\"image.default\">\n\t\t\t\t<div class=\"elementor-widget-container\">\n\t\t\t\t\t\t\t\t\t\t\t\t\t\t\t<img fetchpriority=\"high\" decoding=\"async\" width=\"1021\" height=\"1024\" src=\"https:\/\/milleetunpoils.fr\/wp-content\/uploads\/2024\/05\/Screenshot_20240517-114528_Instagram-1021x1024.jpg\" class=\"attachment-large size-large wp-image-133\" alt=\"Qui suis-je? Julia\" srcset=\"https:\/\/milleetunpoils.fr\/wp-content\/uploads\/2024\/05\/Screenshot_20240517-114528_Instagram-1021x1024.jpg 1021w, https:\/\/milleetunpoils.fr\/wp-content\/uploads\/2024\/05\/Screenshot_20240517-114528_Instagram-300x300.jpg 300w, https:\/\/milleetunpoils.fr\/wp-content\/uploads\/2024\/05\/Screenshot_20240517-114528_Instagram-150x150.jpg 150w, https:\/\/milleetunpoils.fr\/wp-content\/uploads\/2024\/05\/Screenshot_20240517-114528_Instagram-768x770.jpg 768w, https:\/\/milleetunpoils.fr\/wp-content\/uploads\/2024\/05\/Screenshot_20240517-114528_Instagram.jpg 1073w\" sizes=\"(max-width: 1021px) 100vw, 1021px\" \/>\t\t\t\t\t\t\t\t\t\t\t\t\t\t\t<\/div>\n\t\t\t\t<\/div>\n\t\t\t\t\t<\/div>\n\t\t\t\t<\/div>\n\t\t<div class=\"elementor-element elementor-element-7d3dda3 e-grid e-con-boxed e-con e-parent\" data-id=\"7d3dda3\" data-element_type=\"container\" data-e-type=\"container\">\n\t\t\t\t\t<div class=\"e-con-inner\">\n\t\t\t\t<div class=\"elementor-element elementor-element-75350de elementor-widget elementor-widget-text-editor\" data-id=\"75350de\" data-element_type=\"widget\" data-e-type=\"widget\" data-widget_type=\"text-editor.default\">\n\t\t\t\t<div class=\"elementor-widget-container\">\n\t\t\t\t\t\t\t\t\t<p>J\u2019ai \u00e9galement travaill\u00e9 en tant que <span style=\"text-decoration: underline;\"><strong>soigneuse de la faune sauvage<\/strong><\/span> dans diff\u00e9rentes associations comme la LPO, pour un total de 2 ans d\u2019exp\u00e9rience!<\/p>\t\t\t\t\t\t\t\t<\/div>\n\t\t\t\t<\/div>\n\t\t\t\t<div class=\"elementor-element elementor-element-c1684e6 elementor-widget elementor-widget-image\" data-id=\"c1684e6\" data-element_type=\"widget\" data-e-type=\"widget\" data-widget_type=\"image.default\">\n\t\t\t\t<div class=\"elementor-widget-container\">\n\t\t\t\t\t\t\t\t\t\t\t\t\t\t\t<img decoding=\"async\" width=\"1024\" height=\"683\" src=\"https:\/\/milleetunpoils.fr\/wp-content\/uploads\/2026\/03\/IMG_9611-1024x683.jpg\" class=\"attachment-large size-large wp-image-302\" alt=\"\" srcset=\"https:\/\/milleetunpoils.fr\/wp-content\/uploads\/2026\/03\/IMG_9611-1024x683.jpg 1024w, https:\/\/milleetunpoils.fr\/wp-content\/uploads\/2026\/03\/IMG_9611-300x200.jpg 300w, https:\/\/milleetunpoils.fr\/wp-content\/uploads\/2026\/03\/IMG_9611-768x512.jpg 768w, https:\/\/milleetunpoils.fr\/wp-content\/uploads\/2026\/03\/IMG_9611-1536x1024.jpg 1536w, https:\/\/milleetunpoils.fr\/wp-content\/uploads\/2026\/03\/IMG_9611-2048x1365.jpg 2048w\" sizes=\"(max-width: 1024px) 100vw, 1024px\" \/>\t\t\t\t\t\t\t\t\t\t\t\t\t\t\t<\/div>\n\t\t\t\t<\/div>\n\t\t\t\t\t<\/div>\n\t\t\t\t<\/div>\n\t\t<div class=\"elementor-element elementor-element-3de5ecc e-grid e-con-boxed e-con e-parent\" data-id=\"3de5ecc\" data-element_type=\"container\" data-e-type=\"container\">\n\t\t\t\t\t<div class=\"e-con-inner\">\n\t\t\t\t<div class=\"elementor-element elementor-element-b4bfad0 elementor-widget elementor-widget-text-editor\" data-id=\"b4bfad0\" data-element_type=\"widget\" data-e-type=\"widget\" data-widget_type=\"text-editor.default\">\n\t\t\t\t<div class=\"elementor-widget-container\">\n\t\t\t\t\t\t\t\t\t<p>J&rsquo;ai eu la chance de travailler \u00e0 l&rsquo;h\u00f4tel pour chats Aristide \u00e0 Paris, de la garde de luxe!<\/p>\n<p>Avec un am\u00e9nagement r\u00e9fl\u00e9chis pour un enrichissement optimal, une organisation selon les besoins de chaque animal, une hygi\u00e8ne irr\u00e9prochable et des nouvelles des pensionnaires \u00e0 leurs proprietaires.<\/p>\n<p>\u00a0<\/p>\t\t\t\t\t\t\t\t<\/div>\n\t\t\t\t<\/div>\n\t\t\t\t<div class=\"elementor-element elementor-element-8bdc4f3 elementor-widget elementor-widget-image\" data-id=\"8bdc4f3\" data-element_type=\"widget\" data-e-type=\"widget\" data-widget_type=\"image.default\">\n\t\t\t\t<div class=\"elementor-widget-container\">\n\t\t\t\t\t\t\t\t\t\t\t\t\t\t\t<img decoding=\"async\" width=\"1024\" height=\"683\" src=\"https:\/\/milleetunpoils.fr\/wp-content\/uploads\/2026\/03\/MG_2524-1024x683.jpg\" class=\"attachment-large size-large wp-image-344\" alt=\"\" srcset=\"https:\/\/milleetunpoils.fr\/wp-content\/uploads\/2026\/03\/MG_2524-1024x683.jpg 1024w, https:\/\/milleetunpoils.fr\/wp-content\/uploads\/2026\/03\/MG_2524-300x200.jpg 300w, https:\/\/milleetunpoils.fr\/wp-content\/uploads\/2026\/03\/MG_2524-768x512.jpg 768w, https:\/\/milleetunpoils.fr\/wp-content\/uploads\/2026\/03\/MG_2524-1536x1024.jpg 1536w, https:\/\/milleetunpoils.fr\/wp-content\/uploads\/2026\/03\/MG_2524-2048x1365.jpg 2048w\" sizes=\"(max-width: 1024px) 100vw, 1024px\" \/>\t\t\t\t\t\t\t\t\t\t\t\t\t\t\t<\/div>\n\t\t\t\t<\/div>\n\t\t\t\t\t<\/div>\n\t\t\t\t<\/div>\n\t\t<div class=\"elementor-element elementor-element-9c299d7 e-grid e-con-boxed e-con e-parent\" data-id=\"9c299d7\" data-element_type=\"container\" data-e-type=\"container\">\n\t\t\t\t\t<div class=\"e-con-inner\">\n\t\t\t\t<div class=\"elementor-element elementor-element-b69142a elementor-widget elementor-widget-text-editor\" data-id=\"b69142a\" data-element_type=\"widget\" data-e-type=\"widget\" data-widget_type=\"text-editor.default\">\n\t\t\t\t<div class=\"elementor-widget-container\">\n\t\t\t\t\t\t\t\t\t<p>Toutes ses exp\u00e9riences m&rsquo;ont permis d&rsquo;acqu\u00e9rir de solides connaissances sur les animaux.<\/p>\n<p>Pour la garde de votre animal je saurais m&rsquo;adapter \u00e0 leurs caract\u00e8res et leurs besoins : c\u00e2lins, jeux, promenades, etc.<\/p>\n<p>Je peux effectuer diff\u00e9rents soins : coupe de griffes, brossage, nettoyage des yeux et des oreilles, administration de m\u00e9dicaments, injection d&rsquo;insuline, pansement, etc.<\/p>\t\t\t\t\t\t\t\t<\/div>\n\t\t\t\t<\/div>\n\t\t\t\t\t<\/div>\n\t\t\t\t<\/div>\n\t\t<div class=\"elementor-element elementor-element-861b521 e-grid e-con-boxed e-con e-parent\" data-id=\"861b521\" data-element_type=\"container\" data-e-type=\"container\">\n\t\t\t\t\t<div class=\"e-con-inner\">\n\t\t\t\t<div class=\"elementor-element elementor-element-e16db08 elementor-widget elementor-widget-text-editor\" data-id=\"e16db08\" data-element_type=\"widget\" data-e-type=\"widget\" data-widget_type=\"text-editor.default\">\n\t\t\t\t<div class=\"elementor-widget-container\">\n\t\t\t\t\t\t\t\t\t<p>Vous pouvez prendre connaissance de mes tarifs de gardes d&rsquo;animaux en cliquant sur le bouton ci-dessous<\/p>\t\t\t\t\t\t\t\t<\/div>\n\t\t\t\t<\/div>\n\t\t\t\t<div class=\"elementor-element elementor-element-1881c84 elementor-widget elementor-widget-text-editor\" data-id=\"1881c84\" data-element_type=\"widget\" data-e-type=\"widget\" data-widget_type=\"text-editor.default\">\n\t\t\t\t<div class=\"elementor-widget-container\">\n\t\t\t\t\t\t\t\t\t<p>N&rsquo;hesitez \u00e0 prendre contact avec moi pour organiser la garde de votre animal<\/p>\t\t\t\t\t\t\t\t<\/div>\n\t\t\t\t<\/div>\n\t\t\t\t<div class=\"elementor-element elementor-element-4aaeb8b elementor-align-center elementor-widget elementor-widget-button\" data-id=\"4aaeb8b\" data-element_type=\"widget\" data-e-type=\"widget\" data-widget_type=\"button.default\">\n\t\t\t\t<div class=\"elementor-widget-container\">\n\t\t\t\t\t\t\t\t\t<div class=\"elementor-button-wrapper\">\n\t\t\t\t\t<a class=\"elementor-button elementor-button-link elementor-size-sm\" href=\"https:\/\/milleetunpoils.fr\/index.php\/tarifs\/\">\n\t\t\t\t\t\t<span class=\"elementor-button-content-wrapper\">\n\t\t\t\t\t\t\t\t\t<span class=\"elementor-button-text\">Tarifs<\/span>\n\t\t\t\t\t<\/span>\n\t\t\t\t\t<\/a>\n\t\t\t\t<\/div>\n\t\t\t\t\t\t\t\t<\/div>\n\t\t\t\t<\/div>\n\t\t\t\t<div class=\"elementor-element elementor-element-8f28aa4 elementor-align-center elementor-widget elementor-widget-button\" data-id=\"8f28aa4\" data-element_type=\"widget\" data-e-type=\"widget\" data-widget_type=\"button.default\">\n\t\t\t\t<div class=\"elementor-widget-container\">\n\t\t\t\t\t\t\t\t\t<div class=\"elementor-button-wrapper\">\n\t\t\t\t\t<a class=\"elementor-button elementor-button-link elementor-size-sm\" href=\"https:\/\/milleetunpoils.fr\/index.php\/contacts\/\">\n\t\t\t\t\t\t<span class=\"elementor-button-content-wrapper\">\n\t\t\t\t\t\t\t\t\t<span class=\"elementor-button-text\">Mes coordonn\u00e9es<\/span>\n\t\t\t\t\t<\/span>\n\t\t\t\t\t<\/a>\n\t\t\t\t<\/div>\n\t\t\t\t\t\t\t\t<\/div>\n\t\t\t\t<\/div>\n\t\t\t\t\t<\/div>\n\t\t\t\t<\/div>\n\t\t<div class=\"elementor-element elementor-element-3981c2a e-grid e-con-boxed e-con e-parent\" data-id=\"3981c2a\" data-element_type=\"container\" data-e-type=\"container\">\n\t\t\t\t\t<div class=\"e-con-inner\">\n\t\t\t\t<div class=\"elementor-element elementor-element-b42b73c elementor-widget elementor-widget-image\" data-id=\"b42b73c\" data-element_type=\"widget\" data-e-type=\"widget\" data-widget_type=\"image.default\">\n\t\t\t\t<div class=\"elementor-widget-container\">\n\t\t\t\t\t\t\t\t\t\t\t\t\t\t\t<img loading=\"lazy\" decoding=\"async\" width=\"1024\" height=\"461\" src=\"https:\/\/milleetunpoils.fr\/wp-content\/uploads\/2024\/04\/chiens-e1773087141250-1024x461.jpeg\" class=\"attachment-large size-large wp-image-39\" alt=\"\" srcset=\"https:\/\/milleetunpoils.fr\/wp-content\/uploads\/2024\/04\/chiens-e1773087141250-1024x461.jpeg 1024w, https:\/\/milleetunpoils.fr\/wp-content\/uploads\/2024\/04\/chiens-e1773087141250-300x135.jpeg 300w, https:\/\/milleetunpoils.fr\/wp-content\/uploads\/2024\/04\/chiens-e1773087141250-768x346.jpeg 768w, https:\/\/milleetunpoils.fr\/wp-content\/uploads\/2024\/04\/chiens-e1773087141250-1536x691.jpeg 1536w, https:\/\/milleetunpoils.fr\/wp-content\/uploads\/2024\/04\/chiens-e1773087141250.jpeg 1920w\" sizes=\"(max-width: 1024px) 100vw, 1024px\" \/>\t\t\t\t\t\t\t\t\t\t\t\t\t\t\t<\/div>\n\t\t\t\t<\/div>\n\t\t\t\t\t<\/div>\n\t\t\t\t<\/div>\n\t\t\t\t<\/div>\n\t\t","protected":false},"excerpt":{"rendered":"<p>Qui garde votre animal? Qui suis-je? Qui garde votre animal ? Je m\u2019appelle Julia Jean dit Berthelot, et comme vous pouvez vous en douter, je suis une grande amoureuse des animaux depuis mon plus jeune \u00e2ge. Il est rassurant de savoir \u00e0 qui on a faire quand on confie son compagnon \u00e0 4 pattes, une [&hellip;]<\/p>\n","protected":false},"author":1,"featured_media":0,"parent":0,"menu_order":2,"comment_status":"closed","ping_status":"closed","template":"","meta":{"footnotes":""},"class_list":["post-2","page","type-page","status-publish","hentry"],"blocksy_meta":[],"yoast_head":"<!-- This site is optimized with the Yoast SEO plugin v27.3 - https:\/\/yoast.com\/product\/yoast-seo-wordpress\/ -->\n<title>Qui garde votre animal?<\/title>\n<meta name=\"description\" content=\"Qui garde votre animal? Julia, pet-sitter \u00e0 Lannion je garde vos chiens, chats, et NAC. Ancienne assistante v\u00e9t\u00e9rinaire.\" \/>\n<meta name=\"robots\" content=\"index, follow, max-snippet:-1, max-image-preview:large, max-video-preview:-1\" \/>\n<link rel=\"canonical\" href=\"https:\/\/milleetunpoils.fr\/index.php\/qui-garde-votre-animal-qui-suis-je-presentation\/\" \/>\n<meta property=\"og:locale\" content=\"fr_FR\" \/>\n<meta property=\"og:type\" content=\"article\" \/>\n<meta property=\"og:title\" content=\"Qui garde votre animal?\" \/>\n<meta property=\"og:description\" content=\"Qui garde votre animal? Julia, pet-sitter \u00e0 Lannion je garde vos chiens, chats, et NAC. Ancienne assistante v\u00e9t\u00e9rinaire.\" \/>\n<meta property=\"og:url\" content=\"https:\/\/milleetunpoils.fr\/index.php\/qui-garde-votre-animal-qui-suis-je-presentation\/\" \/>\n<meta property=\"og:site_name\" content=\"Mille et un poils\" \/>\n<meta property=\"article:modified_time\" content=\"2026-04-03T18:44:35+00:00\" \/>\n<meta property=\"og:image\" content=\"https:\/\/milleetunpoils.fr\/wp-content\/uploads\/2024\/05\/Screenshot_20240517-114528_Instagram-1021x1024.jpg\" \/>\n<meta name=\"twitter:card\" content=\"summary_large_image\" \/>\n<meta name=\"twitter:label1\" content=\"Dur\u00e9e de lecture estim\u00e9e\" \/>\n\t<meta name=\"twitter:data1\" content=\"3 minutes\" \/>\n<script type=\"application\/ld+json\" class=\"yoast-schema-graph\">{\"@context\":\"https:\\\/\\\/schema.org\",\"@graph\":[{\"@type\":\"WebPage\",\"@id\":\"https:\\\/\\\/milleetunpoils.fr\\\/index.php\\\/qui-garde-votre-animal-qui-suis-je-presentation\\\/\",\"url\":\"https:\\\/\\\/milleetunpoils.fr\\\/index.php\\\/qui-garde-votre-animal-qui-suis-je-presentation\\\/\",\"name\":\"Qui garde votre animal?\",\"isPartOf\":{\"@id\":\"https:\\\/\\\/milleetunpoils.fr\\\/#website\"},\"primaryImageOfPage\":{\"@id\":\"https:\\\/\\\/milleetunpoils.fr\\\/index.php\\\/qui-garde-votre-animal-qui-suis-je-presentation\\\/#primaryimage\"},\"image\":{\"@id\":\"https:\\\/\\\/milleetunpoils.fr\\\/index.php\\\/qui-garde-votre-animal-qui-suis-je-presentation\\\/#primaryimage\"},\"thumbnailUrl\":\"https:\\\/\\\/milleetunpoils.fr\\\/wp-content\\\/uploads\\\/2024\\\/05\\\/Screenshot_20240517-114528_Instagram-1021x1024.jpg\",\"datePublished\":\"2024-02-12T19:42:18+00:00\",\"dateModified\":\"2026-04-03T18:44:35+00:00\",\"description\":\"Qui garde votre animal? Julia, pet-sitter \u00e0 Lannion je garde vos chiens, chats, et NAC. Ancienne assistante v\u00e9t\u00e9rinaire.\",\"breadcrumb\":{\"@id\":\"https:\\\/\\\/milleetunpoils.fr\\\/index.php\\\/qui-garde-votre-animal-qui-suis-je-presentation\\\/#breadcrumb\"},\"inLanguage\":\"fr-FR\",\"potentialAction\":[{\"@type\":\"ReadAction\",\"target\":[\"https:\\\/\\\/milleetunpoils.fr\\\/index.php\\\/qui-garde-votre-animal-qui-suis-je-presentation\\\/\"]}]},{\"@type\":\"ImageObject\",\"inLanguage\":\"fr-FR\",\"@id\":\"https:\\\/\\\/milleetunpoils.fr\\\/index.php\\\/qui-garde-votre-animal-qui-suis-je-presentation\\\/#primaryimage\",\"url\":\"https:\\\/\\\/milleetunpoils.fr\\\/wp-content\\\/uploads\\\/2024\\\/05\\\/Screenshot_20240517-114528_Instagram.jpg\",\"contentUrl\":\"https:\\\/\\\/milleetunpoils.fr\\\/wp-content\\\/uploads\\\/2024\\\/05\\\/Screenshot_20240517-114528_Instagram.jpg\",\"width\":1073,\"height\":1076,\"caption\":\"Qui suis-je? Julia\"},{\"@type\":\"BreadcrumbList\",\"@id\":\"https:\\\/\\\/milleetunpoils.fr\\\/index.php\\\/qui-garde-votre-animal-qui-suis-je-presentation\\\/#breadcrumb\",\"itemListElement\":[{\"@type\":\"ListItem\",\"position\":1,\"name\":\"Accueil\",\"item\":\"https:\\\/\\\/milleetunpoils.fr\\\/\"},{\"@type\":\"ListItem\",\"position\":2,\"name\":\"Qui garde votre animal?\"}]},{\"@type\":\"WebSite\",\"@id\":\"https:\\\/\\\/milleetunpoils.fr\\\/#website\",\"url\":\"https:\\\/\\\/milleetunpoils.fr\\\/\",\"name\":\"Mille et un poils\",\"description\":\"Garde d&#039;animaux \u00e0 Lannion\",\"publisher\":{\"@id\":\"https:\\\/\\\/milleetunpoils.fr\\\/#organization\"},\"potentialAction\":[{\"@type\":\"SearchAction\",\"target\":{\"@type\":\"EntryPoint\",\"urlTemplate\":\"https:\\\/\\\/milleetunpoils.fr\\\/?s={search_term_string}\"},\"query-input\":{\"@type\":\"PropertyValueSpecification\",\"valueRequired\":true,\"valueName\":\"search_term_string\"}}],\"inLanguage\":\"fr-FR\"},{\"@type\":\"Organization\",\"@id\":\"https:\\\/\\\/milleetunpoils.fr\\\/#organization\",\"name\":\"Mille et un poils\",\"url\":\"https:\\\/\\\/milleetunpoils.fr\\\/\",\"logo\":{\"@type\":\"ImageObject\",\"inLanguage\":\"fr-FR\",\"@id\":\"https:\\\/\\\/milleetunpoils.fr\\\/#\\\/schema\\\/logo\\\/image\\\/\",\"url\":\"https:\\\/\\\/milleetunpoils.fr\\\/wp-content\\\/uploads\\\/2024\\\/04\\\/milleetunpoils-1-1.png\",\"contentUrl\":\"https:\\\/\\\/milleetunpoils.fr\\\/wp-content\\\/uploads\\\/2024\\\/04\\\/milleetunpoils-1-1.png\",\"width\":500,\"height\":247,\"caption\":\"Mille et un poils\"},\"image\":{\"@id\":\"https:\\\/\\\/milleetunpoils.fr\\\/#\\\/schema\\\/logo\\\/image\\\/\"}}]}<\/script>\n<!-- \/ Yoast SEO plugin. -->","yoast_head_json":{"title":"Qui garde votre animal?","description":"Qui garde votre animal? Julia, pet-sitter \u00e0 Lannion je garde vos chiens, chats, et NAC. Ancienne assistante v\u00e9t\u00e9rinaire.","robots":{"index":"index","follow":"follow","max-snippet":"max-snippet:-1","max-image-preview":"max-image-preview:large","max-video-preview":"max-video-preview:-1"},"canonical":"https:\/\/milleetunpoils.fr\/index.php\/qui-garde-votre-animal-qui-suis-je-presentation\/","og_locale":"fr_FR","og_type":"article","og_title":"Qui garde votre animal?","og_description":"Qui garde votre animal? Julia, pet-sitter \u00e0 Lannion je garde vos chiens, chats, et NAC. Ancienne assistante v\u00e9t\u00e9rinaire.","og_url":"https:\/\/milleetunpoils.fr\/index.php\/qui-garde-votre-animal-qui-suis-je-presentation\/","og_site_name":"Mille et un poils","article_modified_time":"2026-04-03T18:44:35+00:00","og_image":[{"url":"https:\/\/milleetunpoils.fr\/wp-content\/uploads\/2024\/05\/Screenshot_20240517-114528_Instagram-1021x1024.jpg","type":"","width":"","height":""}],"twitter_card":"summary_large_image","twitter_misc":{"Dur\u00e9e de lecture estim\u00e9e":"3 minutes"},"schema":{"@context":"https:\/\/schema.org","@graph":[{"@type":"WebPage","@id":"https:\/\/milleetunpoils.fr\/index.php\/qui-garde-votre-animal-qui-suis-je-presentation\/","url":"https:\/\/milleetunpoils.fr\/index.php\/qui-garde-votre-animal-qui-suis-je-presentation\/","name":"Qui garde votre animal?","isPartOf":{"@id":"https:\/\/milleetunpoils.fr\/#website"},"primaryImageOfPage":{"@id":"https:\/\/milleetunpoils.fr\/index.php\/qui-garde-votre-animal-qui-suis-je-presentation\/#primaryimage"},"image":{"@id":"https:\/\/milleetunpoils.fr\/index.php\/qui-garde-votre-animal-qui-suis-je-presentation\/#primaryimage"},"thumbnailUrl":"https:\/\/milleetunpoils.fr\/wp-content\/uploads\/2024\/05\/Screenshot_20240517-114528_Instagram-1021x1024.jpg","datePublished":"2024-02-12T19:42:18+00:00","dateModified":"2026-04-03T18:44:35+00:00","description":"Qui garde votre animal? Julia, pet-sitter \u00e0 Lannion je garde vos chiens, chats, et NAC. Ancienne assistante v\u00e9t\u00e9rinaire.","breadcrumb":{"@id":"https:\/\/milleetunpoils.fr\/index.php\/qui-garde-votre-animal-qui-suis-je-presentation\/#breadcrumb"},"inLanguage":"fr-FR","potentialAction":[{"@type":"ReadAction","target":["https:\/\/milleetunpoils.fr\/index.php\/qui-garde-votre-animal-qui-suis-je-presentation\/"]}]},{"@type":"ImageObject","inLanguage":"fr-FR","@id":"https:\/\/milleetunpoils.fr\/index.php\/qui-garde-votre-animal-qui-suis-je-presentation\/#primaryimage","url":"https:\/\/milleetunpoils.fr\/wp-content\/uploads\/2024\/05\/Screenshot_20240517-114528_Instagram.jpg","contentUrl":"https:\/\/milleetunpoils.fr\/wp-content\/uploads\/2024\/05\/Screenshot_20240517-114528_Instagram.jpg","width":1073,"height":1076,"caption":"Qui suis-je? Julia"},{"@type":"BreadcrumbList","@id":"https:\/\/milleetunpoils.fr\/index.php\/qui-garde-votre-animal-qui-suis-je-presentation\/#breadcrumb","itemListElement":[{"@type":"ListItem","position":1,"name":"Accueil","item":"https:\/\/milleetunpoils.fr\/"},{"@type":"ListItem","position":2,"name":"Qui garde votre animal?"}]},{"@type":"WebSite","@id":"https:\/\/milleetunpoils.fr\/#website","url":"https:\/\/milleetunpoils.fr\/","name":"Mille et un poils","description":"Garde d&#039;animaux \u00e0 Lannion","publisher":{"@id":"https:\/\/milleetunpoils.fr\/#organization"},"potentialAction":[{"@type":"SearchAction","target":{"@type":"EntryPoint","urlTemplate":"https:\/\/milleetunpoils.fr\/?s={search_term_string}"},"query-input":{"@type":"PropertyValueSpecification","valueRequired":true,"valueName":"search_term_string"}}],"inLanguage":"fr-FR"},{"@type":"Organization","@id":"https:\/\/milleetunpoils.fr\/#organization","name":"Mille et un poils","url":"https:\/\/milleetunpoils.fr\/","logo":{"@type":"ImageObject","inLanguage":"fr-FR","@id":"https:\/\/milleetunpoils.fr\/#\/schema\/logo\/image\/","url":"https:\/\/milleetunpoils.fr\/wp-content\/uploads\/2024\/04\/milleetunpoils-1-1.png","contentUrl":"https:\/\/milleetunpoils.fr\/wp-content\/uploads\/2024\/04\/milleetunpoils-1-1.png","width":500,"height":247,"caption":"Mille et un poils"},"image":{"@id":"https:\/\/milleetunpoils.fr\/#\/schema\/logo\/image\/"}}]}},"_links":{"self":[{"href":"https:\/\/milleetunpoils.fr\/index.php\/wp-json\/wp\/v2\/pages\/2","targetHints":{"allow":["GET"]}}],"collection":[{"href":"https:\/\/milleetunpoils.fr\/index.php\/wp-json\/wp\/v2\/pages"}],"about":[{"href":"https:\/\/milleetunpoils.fr\/index.php\/wp-json\/wp\/v2\/types\/page"}],"author":[{"embeddable":true,"href":"https:\/\/milleetunpoils.fr\/index.php\/wp-json\/wp\/v2\/users\/1"}],"replies":[{"embeddable":true,"href":"https:\/\/milleetunpoils.fr\/index.php\/wp-json\/wp\/v2\/comments?post=2"}],"version-history":[{"count":56,"href":"https:\/\/milleetunpoils.fr\/index.php\/wp-json\/wp\/v2\/pages\/2\/revisions"}],"predecessor-version":[{"id":469,"href":"https:\/\/milleetunpoils.fr\/index.php\/wp-json\/wp\/v2\/pages\/2\/revisions\/469"}],"wp:attachment":[{"href":"https:\/\/milleetunpoils.fr\/index.php\/wp-json\/wp\/v2\/media?parent=2"}],"curies":[{"name":"wp","href":"https:\/\/api.w.org\/{rel}","templated":true}]}}